{"id":589,"date":"2022-09-29T16:17:31","date_gmt":"2022-09-29T14:17:31","guid":{"rendered":"http:\/\/aquahak.dev.it5.cz\/?page_id=589"},"modified":"2026-04-22T20:15:36","modified_gmt":"2026-04-22T18:15:36","slug":"krmiva","status":"publish","type":"page","link":"https:\/\/aquahak.cz\/index.php\/krmiva\/","title":{"rendered":"Krmiva"},"content":{"rendered":"\n<div class=\"wp-block-media-text alignwide is-stacked-on-mobile\"><figure class=\"wp-block-media-text__media\"><img loading=\"lazy\" decoding=\"async\" width=\"256\" height=\"138\" src=\"https:\/\/aquahak.cz\/wp-content\/uploads\/2022\/09\/TroCo-Crumble-HE-EX.jpg\" alt=\"\" class=\"wp-image-657 size-full\"\/><\/figure><div class=\"wp-block-media-text__content\">\n<h2 class=\"wp-block-heading has-large-font-size\"><strong>Advance<\/strong><\/h2>\n\n\n\n<p><strong>velikost:&nbsp; 0,5 &#8211; 0,8 mm<\/strong><\/p>\n\n\n\n<p><strong>Slo\u017een\u00ed:<\/strong>&nbsp;56% protein; 15% tuk; 0,3% vl\u00e1knina; 11,3% popelovina;<br>1,77% P<br><strong>1 kg obsahuje:<\/strong>&nbsp;16667 m.j. vitam\u00ednu A<\/p>\n\n\n\n<figure class=\"wp-block-table is-style-stripes\"><table><tbody><tr><td>100 g<\/td><td>40,-<\/td><\/tr><tr><td>200 g<\/td><td>65,-<\/td><\/tr><tr><td>500 g<\/td><td>140,-<\/td><\/tr><tr><td>1000 g<\/td><td>260,-<\/td><\/tr><\/tbody><\/table><\/figure>\n\n\n\n<p><strong>Popis:&nbsp;<\/strong>Velice v\u00fd\u017eivn\u00e9 holandsk\u00e9 krmivo.<br>Granulky o velikosti 0,5-0,8 mm.<\/p>\n<\/div><\/div>\n\n\n\n<div style=\"height:50px\" aria-hidden=\"true\" class=\"wp-block-spacer\"><\/div>\n\n\n\n<div class=\"wp-block-media-text alignwide is-stacked-on-mobile\"><figure class=\"wp-block-media-text__media\"><img loading=\"lazy\" decoding=\"async\" width=\"256\" height=\"138\" src=\"https:\/\/aquahak.cz\/wp-content\/uploads\/2022\/09\/TroCo-Crumble-HE-EX.jpg\" alt=\"\" class=\"wp-image-657 size-full\"\/><\/figure><div class=\"wp-block-media-text__content\">\n<h2 class=\"wp-block-heading has-large-font-size\"><strong>Advance<\/strong><\/h2>\n\n\n\n<p><strong>velikost:&nbsp; 1,0 mm<\/strong><\/p>\n\n\n\n<p><strong>Slo\u017een\u00ed:<\/strong>&nbsp;54% protein; 15% tuk; 0,3% vl\u00e1knina; 11,1% popelovina;<br>1,75% P; 2,3% Ca; 0,6% Na<br><strong>1 kg obsahuje:<\/strong>&nbsp;12000 m.j. vitam\u00ednu A<\/p>\n\n\n\n<figure class=\"wp-block-table is-style-stripes\"><table><tbody><tr><td>100 g<\/td><td>40,-<\/td><\/tr><tr><td>200 g<\/td><td>65,-<\/td><\/tr><tr><td>500 g<\/td><td>140,-<\/td><\/tr><tr><td>1000 g<\/td><td>260,-<\/td><\/tr><\/tbody><\/table><\/figure>\n\n\n\n<p><strong>Popis:&nbsp;<\/strong>Velice v\u00fd\u017eivn\u00e9 holandsk\u00e9 krmivo.<br>Granulky o velikosti 1,0 mm.<\/p>\n<\/div><\/div>\n\n\n\n<div style=\"height:50px\" aria-hidden=\"true\" class=\"wp-block-spacer\"><\/div>\n\n\n\n<h2 class=\"wp-block-heading has-text-align-center has-large-font-size\">Mra\u017een\u00e9 krmivo &#8211; 100g (blistr)<\/h2>\n\n\n\n<figure class=\"wp-block-table is-style-stripes\" style=\"font-size:24px\"><table><tbody><tr><td class=\"has-text-align-center\" data-align=\"center\"><mark style=\"background-color:rgba(0, 0, 0, 0)\" class=\"has-inline-color has-vivid-green-cyan-color\">\u2705<\/mark><\/td><td><strong>Patentka<\/strong><\/td><td><strong>45,-<\/strong><\/td><\/tr><tr><td class=\"has-text-align-center\" data-align=\"center\">\u2705<\/td><td><strong>Patentka JUMBO<\/strong><\/td><td><strong>55,-<\/strong><\/td><\/tr><tr><td class=\"has-text-align-center\" data-align=\"center\"><mark style=\"background-color:rgba(0, 0, 0, 0)\" class=\"has-inline-color has-vivid-green-cyan-color\">\u2705<\/mark><\/td><td><strong>Koretra<\/strong><\/td><td><strong>55,-<\/strong><\/td><\/tr><tr><td class=\"has-text-align-center\" data-align=\"center\">\u26d4<\/td><td><strong>\u010cern\u00fd kom\u00e1r<\/strong><\/td><td><strong>55,-<\/strong><\/td><\/tr><tr><td class=\"has-text-align-center\" data-align=\"center\">\u2705<\/td><td><strong>Artemia &#8211; dosp\u011bl\u00e1<\/strong><\/td><td><strong>35,-<\/strong><\/td><\/tr><tr><td class=\"has-text-align-center\" data-align=\"center\"><mark style=\"background-color:rgba(0, 0, 0, 0)\" class=\"has-inline-color has-vivid-green-cyan-color\">\u2705<\/mark><\/td><td><strong>Artemia &#8211; odsko\u0159\u00e1pkovan\u00e1<\/strong><\/td><td><strong>35,-<\/strong><\/td><\/tr><tr><td class=\"has-text-align-center\" data-align=\"center\">\u2705<\/td><td><strong>Nit\u011bnka<\/strong><\/td><td><strong>55,-<\/strong><\/td><\/tr><tr><td class=\"has-text-align-center\" data-align=\"center\"><mark style=\"background-color:rgba(0, 0, 0, 0)\" class=\"has-inline-color has-vivid-green-cyan-color\">\u26d4<\/mark><\/td><td><strong>Srdce hov\u011bz\u00ed<\/strong><\/td><td><strong>40,-<\/strong><\/td><\/tr><tr><td class=\"has-text-align-center\" data-align=\"center\">\u2705<\/td><td><strong>Tropical trio<\/strong> <em>(patentka; koretra; dafnia)<\/em><\/td><td><strong>50,-<\/strong><\/td><\/tr><tr><td class=\"has-text-align-center\" data-align=\"center\"><mark style=\"background-color:rgba(0, 0, 0, 0)\" class=\"has-inline-color has-vivid-green-cyan-color\">\u2705<\/mark><\/td><td><strong>Tropical sextet<\/strong> <em>(patentka; koretra; maso z mu\u0161le; cyklop; mysis; artemia)<\/em><\/td><td><strong>50,-<\/strong><\/td><\/tr><tr><td class=\"has-text-align-center\" data-align=\"center\">\u2705<\/td><td><strong>Cyklop<\/strong><\/td><td><strong>30,-<\/strong><\/td><\/tr><tr><td class=\"has-text-align-center\" data-align=\"center\">\u2705<\/td><td><strong>Cyklop \u010derven\u00fd<\/strong><\/td><td><strong>35,-<\/strong><\/td><\/tr><tr><td class=\"has-text-align-center\" data-align=\"center\">\u2705<\/td><td><strong>Dafnia<\/strong><\/td><td><strong>30,-<\/strong><\/td><\/tr><\/tbody><\/table><\/figure>\n\n\n\n<div style=\"height:30px\" aria-hidden=\"true\" class=\"wp-block-spacer\"><\/div>\n\n\n\n<p class=\"has-medium-font-size\"><mark style=\"background-color:rgba(0, 0, 0, 0)\" class=\"has-inline-color has-vivid-green-cyan-color\">\u2705<\/mark> <strong>&#8211; dostupn\u00e9<\/strong><br><mark style=\"background-color:rgba(0, 0, 0, 0)\" class=\"has-inline-color has-vivid-red-color\">\u26d4<\/mark> <strong>&#8211; nedostupn\u00e9<\/strong><\/p>\n","protected":false},"excerpt":{"rendered":"<p>Advance velikost:&nbsp; 0,5 &#8211; 0,8 mm Slo\u017een\u00ed:&nbsp;56% protein; 15% tuk; 0,3% vl\u00e1knina; 11,3% popelovina;1,77% P1 kg obsahuje:&nbsp;16667 m.j. vitam\u00ednu A 100 g 40,- 200 g 65,- 500 g 140,- 1000 g 260,- Popis:&nbsp;Velice v\u00fd\u017eivn\u00e9 holandsk\u00e9 krmivo.Granulky o velikosti 0,5-0,8 mm. Advance velikost:&nbsp; 1,0 mm Slo\u017een\u00ed:&nbsp;54% protein; 15% tuk; 0,3% vl\u00e1knina; 11,1% popelovina;1,75% P; 2,3% Ca; [&hellip;]<\/p>\n","protected":false},"author":1,"featured_media":0,"parent":0,"menu_order":0,"comment_status":"closed","ping_status":"closed","template":"templates\/template-page-full-width.php","meta":{"footnotes":""},"class_list":["post-589","page","type-page","status-publish","hentry"],"_links":{"self":[{"href":"https:\/\/aquahak.cz\/index.php\/wp-json\/wp\/v2\/pages\/589","targetHints":{"allow":["GET"]}}],"collection":[{"href":"https:\/\/aquahak.cz\/index.php\/wp-json\/wp\/v2\/pages"}],"about":[{"href":"https:\/\/aquahak.cz\/index.php\/wp-json\/wp\/v2\/types\/page"}],"author":[{"embeddable":true,"href":"https:\/\/aquahak.cz\/index.php\/wp-json\/wp\/v2\/users\/1"}],"replies":[{"embeddable":true,"href":"https:\/\/aquahak.cz\/index.php\/wp-json\/wp\/v2\/comments?post=589"}],"version-history":[{"count":10,"href":"https:\/\/aquahak.cz\/index.php\/wp-json\/wp\/v2\/pages\/589\/revisions"}],"predecessor-version":[{"id":4882,"href":"https:\/\/aquahak.cz\/index.php\/wp-json\/wp\/v2\/pages\/589\/revisions\/4882"}],"wp:attachment":[{"href":"https:\/\/aquahak.cz\/index.php\/wp-json\/wp\/v2\/media?parent=589"}],"curies":[{"name":"wp","href":"https:\/\/api.w.org\/{rel}","templated":true}]}}