{"id":2,"date":"2022-06-07T12:42:26","date_gmt":"2022-06-07T10:42:26","guid":{"rendered":"http:\/\/aquahak.dev.it5.cz\/?page_id=2"},"modified":"2026-04-29T14:03:53","modified_gmt":"2026-04-29T12:03:53","slug":"kontakt","status":"publish","type":"page","link":"https:\/\/aquahak.cz\/index.php\/kontakt\/","title":{"rendered":"Kontakt"},"content":{"rendered":"\n<div class=\"wp-block-columns is-layout-flex wp-container-core-columns-is-layout-9d6595d7 wp-block-columns-is-layout-flex\">\n<div class=\"wp-block-column is-layout-flow wp-block-column-is-layout-flow\">\n<p class=\"has-medium-font-size\"><strong>Aquahak &#8211; Jarom\u011b\u0159<\/strong><\/p>\n\n\n\n<p><strong>Radek Hak<\/strong><\/p>\n\n\n\n<p><strong>5. kv\u011btna 335<\/strong><\/p>\n\n\n\n<p><strong>55101&nbsp; Jarom\u011b\u0159<\/strong><\/p>\n\n\n\n<p><strong>I\u010c: 72928280<\/strong><\/p>\n\n\n\n<p><strong>Tel.:&nbsp; 737\/851021<\/strong><\/p>\n\n\n\n<p><strong>E-mail:&nbsp; <a href=\"mailto:aquahak@seznam.cz\">aquahak@seznam.cz<\/a><\/strong><\/p>\n\n\n\n<p><a href=\"http:\/\/pestirna-jaromer.webgarden.cz\/\"><strong>http:\/\/www.aquahak.cz<\/strong><\/a><\/p>\n\n\n\n<div style=\"height:50px\" aria-hidden=\"true\" class=\"wp-block-spacer\"><\/div>\n\n\n\n<iframe src=\"https:\/\/www.google.com\/maps\/embed?pb=!1m18!1m12!1m3!1d2546.155161648933!2d15.920371515893265!3d50.34501130283757!2m3!1f0!2f0!3f0!3m2!1i1024!2i768!4f13.1!3m3!1m2!1s0x470e7df7526dd119%3A0xa7409b572f6df7d9!2sP%C4%9Bst%C3%ADrna%20akvarijn%C3%ADch%20rostlin%20a%20ryb%20-%20Aquahak!5e0!3m2!1scs!2scz!4v1655986092191!5m2!1scs!2scz\" width=\"600\" height=\"450\" style=\"border:0;\" allowfullscreen=\"\" loading=\"lazy\" referrerpolicy=\"no-referrer-when-downgrade\"><\/iframe>\n<\/div>\n\n\n\n<div class=\"wp-block-column is-layout-flow wp-block-column-is-layout-flow\">\n<h2 class=\"wp-block-heading\">1.5. a 8.5.   ZAV\u0158ENO<\/h2>\n\n\n\n<div style=\"height:20px\" aria-hidden=\"true\" class=\"wp-block-spacer\"><\/div>\n\n\n\n<figure class=\"wp-block-table\"><table class=\"has-fixed-layout\"><tbody><tr><td><strong>P\u00c1 1.5.<\/strong> (st\u00e1tn\u00ed sv\u00e1tek)<\/td><td><strong>ZAV\u0158ENO<\/strong><\/td><\/tr><tr><td><strong>P\u00c1 8.5.<\/strong> (st\u00e1tn\u00ed sv\u00e1tek)<\/td><td><strong>ZAV\u0158ENO<\/strong><\/td><\/tr><\/tbody><\/table><\/figure>\n\n\n\n<div style=\"height:100px\" aria-hidden=\"true\" class=\"wp-block-spacer\"><\/div>\n\n\n\n<h2 class=\"wp-block-heading\" style=\"font-size:30px\">Otev\u00edrac\u00ed doba<\/h2>\n\n\n\n<div style=\"height:10px\" aria-hidden=\"true\" class=\"wp-block-spacer\"><\/div>\n\n\n\n<figure class=\"wp-block-table is-style-stripes has-medium-font-size\"><table><tbody><tr><td><strong>Pond\u011bl\u00ed<\/strong><\/td><td><strong>8:30 &#8211; 11:30<\/strong><\/td><td><strong>13:00 &#8211; 17:00<\/strong><\/td><\/tr><tr><td><strong>\u00dater\u00fd<\/strong><\/td><td><strong>8:30 &#8211; 11:30<\/strong><\/td><td><strong>13:00 &#8211; 17:00<\/strong><\/td><\/tr><tr><td><strong>St\u0159eda<\/strong><\/td><td><strong>8:30 &#8211; 11:30<\/strong><\/td><td><strong>13:00 &#8211; 17:00<\/strong><\/td><\/tr><tr><td><strong>\u010ctvrtek<\/strong><\/td><td><strong>8:30 &#8211; 11:30<\/strong><\/td><td><strong>13:00 &#8211; 17:00<\/strong><\/td><\/tr><tr><td><strong>P\u00e1tek<\/strong><\/td><td><strong>8:30 &#8211; 10:00<\/strong><\/td><td><strong>13:00 &#8211; 16:00<\/strong><\/td><\/tr><tr><td><strong>Sobota<\/strong><\/td><td><strong>zav\u0159eno<\/strong><\/td><td><\/td><\/tr><tr><td><strong>Ned\u011ble<\/strong><\/td><td><strong>zav\u0159eno<\/strong><\/td><td><\/td><\/tr><\/tbody><\/table><\/figure>\n<\/div>\n<\/div>\n\n\n\n<p><\/p>\n","protected":false},"excerpt":{"rendered":"<p>Aquahak &#8211; Jarom\u011b\u0159 Radek Hak 5. kv\u011btna 335 55101&nbsp; Jarom\u011b\u0159 I\u010c: 72928280 Tel.:&nbsp; 737\/851021 E-mail:&nbsp; aquahak@seznam.cz http:\/\/www.aquahak.cz 1.5. a 8.5. ZAV\u0158ENO P\u00c1 1.5. (st\u00e1tn\u00ed sv\u00e1tek) ZAV\u0158ENO P\u00c1 8.5. (st\u00e1tn\u00ed sv\u00e1tek) ZAV\u0158ENO Otev\u00edrac\u00ed doba Pond\u011bl\u00ed 8:30 &#8211; 11:30 13:00 &#8211; 17:00 \u00dater\u00fd 8:30 &#8211; 11:30 13:00 &#8211; 17:00 St\u0159eda 8:30 &#8211; 11:30 13:00 &#8211; 17:00 \u010ctvrtek [&hellip;]<\/p>\n","protected":false},"author":1,"featured_media":0,"parent":0,"menu_order":0,"comment_status":"closed","ping_status":"open","template":"templates\/template-page-full-width.php","meta":{"footnotes":""},"class_list":["post-2","page","type-page","status-publish","hentry"],"_links":{"self":[{"href":"https:\/\/aquahak.cz\/index.php\/wp-json\/wp\/v2\/pages\/2","targetHints":{"allow":["GET"]}}],"collection":[{"href":"https:\/\/aquahak.cz\/index.php\/wp-json\/wp\/v2\/pages"}],"about":[{"href":"https:\/\/aquahak.cz\/index.php\/wp-json\/wp\/v2\/types\/page"}],"author":[{"embeddable":true,"href":"https:\/\/aquahak.cz\/index.php\/wp-json\/wp\/v2\/users\/1"}],"replies":[{"embeddable":true,"href":"https:\/\/aquahak.cz\/index.php\/wp-json\/wp\/v2\/comments?post=2"}],"version-history":[{"count":10,"href":"https:\/\/aquahak.cz\/index.php\/wp-json\/wp\/v2\/pages\/2\/revisions"}],"predecessor-version":[{"id":4888,"href":"https:\/\/aquahak.cz\/index.php\/wp-json\/wp\/v2\/pages\/2\/revisions\/4888"}],"wp:attachment":[{"href":"https:\/\/aquahak.cz\/index.php\/wp-json\/wp\/v2\/media?parent=2"}],"curies":[{"name":"wp","href":"https:\/\/api.w.org\/{rel}","templated":true}]}}